{"id":967,"date":"2017-06-05T16:35:28","date_gmt":"2017-06-05T14:35:28","guid":{"rendered":"http:\/\/hhc-waldhausen.de\/?page_id=967"},"modified":"2025-09-23T20:31:58","modified_gmt":"2025-09-23T18:31:58","slug":"chronik","status":"publish","type":"page","link":"https:\/\/hhc-waldhausen.de\/?page_id=967","title":{"rendered":"Chronik"},"content":{"rendered":"<p><strong>Die Vorsitzenden<\/strong><br \/>\n1956 &#8211; 1958\u00a0\u00a0 Willi Dreiwurst<br \/>\n1958 &#8211; 1980\u00a0\u00a0 G\u00fcnter Matuschek<br \/>\n1980 &#8211; 1999\u00a0\u00a0 Heinz Steiner<br \/>\n1999 &#8211; 2001\u00a0\u00a0 Volker Lendle<br \/>\n2001 &#8211; 2005\u00a0\u00a0 Werner Ulmer<br \/>\nseit 2005\u00a0\u00a0 Heiko Cammerer<\/p>\n<p><strong>Die musikalischen Leiter<\/strong><br \/>\n1956 &#8211; 1958\u00a0\u00a0 Alfred Schunter<br \/>\n1958 &#8211; 1972\u00a0\u00a0 Helmut Kucher<br \/>\n1972 &#8211; 1997\u00a0\u00a0 Theo Joos<br \/>\n1997 &#8211; 1998\u00a0\u00a0 Nikolaus Ott<br \/>\n1998 &#8211; 1999\u00a0\u00a0 Sandra Seitz<br \/>\n1999 &#8211; 2004\u00a0\u00a0 Nikolaus Ott<br \/>\n2004 &#8211; 2010\u00a0\u00a0 Sergej Batt<br \/>\n2010 &#8211; 2012\u00a0\u00a0 Juri Fedorov<br \/>\n2012 &#8211; 2024\u00a0 \u00a0Lydia Lick<br \/>\nseit 2024\u00a0 \u00a0Nenad Velickovic<\/p>\n<p><strong>Aus der Chronik<\/strong><\/p>\n<p>1956<br \/>\nDer H.H.C. wird am 20. September gegr\u00fcndet. Hervorgegangen aus einer Sparte des TSV Waldhausen. Gew\u00e4hlt werden Willi Dreiwurst (1.Vorsitzender), Alfred Schunter (Dirigent) und G\u00fcnter Matuschek (Jugendausbildung):<\/p>\n<p>1958<br \/>\nG\u00fcnter Matuschek \u00fcbernimmt das Amt des 1.Vorsitzenden. Musiklehrer Helmut Kucher aus Schw\u00e4bisch Gm\u00fcnd \/ Rehnenhof wird Dirigent des 1.Orchesters.<\/p>\n<p>1964<br \/>\nDer H.H.C. nimmt erstmals an einem Wertungsspiel teil und erreicht beim Bezirkstreffen in Rudersberg einen 4. Platz.<\/p>\n<p>1965<br \/>\nDer Ausschu\u00df erwirbt Stangenlose. Nach wochenlanger Arbeit im Wald konnte von dem Erl\u00f6s dem Verein ein Elektronium gekauft werden.<\/p>\n<p>1967<br \/>\nDer H.H.C. feiert sein 10j\u00e4hriges Bestehen mit Jubil\u00e4umsfeierlichkeiten vom 30.6. &#8211; 2.7.1967.<\/p>\n<p>1968<br \/>\nTeilnahme am &#8222;Harmonika Weltfestival&#8220; in Luzern (Schweiz) vom 7. &#8211; 9.6.1968. Man erreicht die Note &#8222;sehr gut&#8220;.<\/p>\n<p>1972<br \/>\nDer Verein wird in das Vereinsregister eingetragen. Musiklehrer Theo Joos aus Schorndorf \u00fcbernimmt die Leitung des 1.Orchesters.<\/p>\n<p>1974<br \/>\nDer H.H.C. ist Ausrichter des Bezirkstreffens des Deutschen Harmonika Verbandes &#8222;Bezirk Staufen&#8220;, in Verbindung mit den 6. Waldh\u00e4user Festtagen. Zahlreiche Gastorchester nehmen teil.<\/p>\n<p>1976<br \/>\nBeim Jubil\u00e4umskonzert &#8222;20 Jahre H.H.C.&#8220; wirkt das neu gegr\u00fcndete Studio-Orchester Joos mit. Die eben eingespielte Schallplatte findet gro\u00dfen Anklang.<\/p>\n<p>1980<br \/>\nNach einer gro\u00dfen Leistungssteigerung erzielt das 1.Orchester beim Bezirkstreffen in Plochingen in der Oberstufe die Note &#8222;ausgezeichnet&#8220;.<\/p>\n<p>1981<br \/>\nAm 24. Oktober feiert der H.H.C. sein 25j\u00e4hriges Bestehen. Viele befreundete Vereine und Orchester erweisen dem H.H.C. die Ehre. Das Hohner-Orchester aus Trossingen gastiert in der Remstalhalle Waldhausen.<\/p>\n<p>1982<br \/>\nAm 4. und 5. September ist der H.H.C. Festtr\u00e4ger bei den Waldh\u00e4user Festtagen und vom DHV mit der Ausrichtung des Bezirkstreffens &#8222;Staufen&#8220; betraut. Viele Orchester, Duos und Solisten sind zum Wertungsspiel angetreten.<\/p>\n<p>1983<br \/>\nIn Verbindung mit dem Vereinsausflug nach Ried im Zillertal nimmt der H.H.C. am &#8222;Alpenl\u00e4ndischen Akkordeon Festival 1983&#8220; in Innsbruck teil. Die \u00dcberraschung ist gro\u00df, als bei der Preisverleihung in der Olympiahalle das Jugendorchester einen 11. Platz erreicht. Aber auch die anderen Orchester haben gut abgeschnitten. Die ganze Atmosph\u00e4re dort ist ein einmaliges Erlebnis.<\/p>\n<p>1986<br \/>\nNachdem der H.H.C. seit einigen Jahren bereits das Amt des Jugendleiters eingef\u00fchrt hatte, wird bei der Hauptversammlung am 31. Januar 1986 die Vereinssatzung um eine Jugendordnung erg\u00e4nzt. Damit ist der Weg f\u00fcr eine selbst verwaltete Jugendabteilung mit eigenen Gremien frei. Der gew\u00e4hlte Jugendleiter ist Mitglied im Vereinsvorstand.<\/p>\n<p>1988<br \/>\nJugendfreizeit vom 17. &#8211; 19.6.1988 auf dem Himmelreich bei Bargau.<\/p>\n<p>1989<br \/>\nNach der Maifeier veranstaltet der H.H.C. einen &#8222;Tanz in den Mai&#8220;. Die G\u00e4ste ais der nahen aber auch weiteren Umgebung tanzen bis in den fr\u00fchen Morgen.<br \/>\nAm 17.6.1986 erreicht das H.H.C.-Jugendorchester einen dritten Platz bei den Landesmusiktagen in Mannheim.<br \/>\nVom 27. &#8211; 29.9.1989 findet die Jugendfreizeit in der Jugendherberge Hohenstaufen statt. Bei Spa\u00df und Spiel, Nachtwanderung und Besuch auf dem Hohenstaufen kann sich die Jugend mal so richtig ausleben.<\/p>\n<p>1992<br \/>\nBeide Orchester des H.H.C. wirken beim 10j\u00e4hrigen Jubil\u00e4um des Welzheimer Akkordeon Orchesters mit.<\/p>\n<p>1993<br \/>\nEine wirklich au\u00dfergew\u00f6hnliche Veranstaltung ist die &#8222;Volkst\u00fcmliche Hitparade&#8220; des H.H.C. am 6. November 1993 in der Remstalhalle Waldhausen. Flei\u00dfige H\u00e4nde haben viele Weinlauben aufgebaut, und so eine wundersch\u00f6ne, bezaubernde H\u00fcttenatmosph\u00e4re geschaffen. Die Orchester sind in bester Spiellaune und auch der S\u00e4nger Max Trierweiler hat an der tollen Stimmung gro\u00dfen Anteil. Dass die H.H.C.-K\u00fcche mit tollen Schmankerln und Gaumenfreuden die G\u00e4ste verw\u00f6hnt, ist sowieso klar!<\/p>\n<p>1994<br \/>\nVorweihnachtliches Unterhaltungskonzert im Refektorium des Kloster Lorch.<br \/>\nDas 1.Orchester unterh\u00e4lt die Senioren des Alten- und Pflegeheims. Das Konzert wird f\u00fcr die bettl\u00e4gerigen Bewohner auf die Stationen \u00fcbertragen.<\/p>\n<p>1995<br \/>\nDass sakrale Harmonikakl\u00e4nge durchaus etwas f\u00fcr sich haben, zeigt das 1.Orchester bei einem Kirchenkonzert am 22. November in der Martin-Luther-Kirche in Waldhausen. Damit wird die Reihe von Kirchenkonzerten verschiedener Ensembles des H.H.C. fortgesetzt.<\/p>\n<p>1996<br \/>\nAuf Einladung unserer fr\u00fcheren Aktiven und Ausbilderin Inge Wenzel begibt sich der Verein vom 16.5. &#8211; 19.5.1996 nach Einbeck in Niedersachsen. Dort gestaltet man zusammen mit den heimischen Vereinen einen musikalischen Abend. Bei toller Stimmung wird lange gefeiert.<br \/>\nSchon Tradition ist der Besuch einer Besenwirtschaft beim H.H.C. . &#8222;Am 19. Oktober schlotza mer a baar Viertela, ond noch ama Veschper senga mr ond schonglat.&#8220; Ehe uns der Bus wohlbehalten wieder heim bringt.<br \/>\nAm 23. November 1996 findet das gro\u00dfe Jubil\u00e4umskonzert &#8222;40 Jahre H.H.C.&#8220; in der Remstalhalle Waldhausen statt. Neben den verschiedenen Orchestern und Spielgruppen des H.H.C. wirkt das Akkordeonorchester Rudersberg mit. Star des Abends ist Akkordeonweltmeisterin Christa Behnke.<\/p>\n<p>1999<br \/>\nDer H.H.C. veranstaltet zwei Kirchenkonzerte in Pl\u00fcderhausen und im Kloster Lorch.<br \/>\nBei einem Vereinsausflug nach Einbeck \/ Niedersachsen wirkt das 1. Orchester und das Sch\u00fclerorchester bei einem Konzertabend des befreundeten M\u00e4nnergesangvereins Edemissen mit.<\/p>\n<p>2000<br \/>\nJugendfreizeit nach Einbeck \/ Niedersachsen in die Heimat der ehemaligen Ausbilderin Inge Wenzel.<\/p>\n<p>2001<br \/>\nAm 14. Dezember zerst\u00f6rt ein Brand das Dorfhaus Waldhausen und l\u00e4sst die darin untergebrachten Vereine vor einem Scherbenhaufen stehen. Der in Eigenleistung renovierte Probenraum des H.H.C. wird ein Opfer der Flammen. Instrumente und Noten werden gl\u00fccklicherweise zum gr\u00f6\u00dften Teil gerettet.<\/p>\n<p>2002<br \/>\nAuch schon Tradition ist die Bewirtschaftung des st\u00e4dtischen Seniorennachmittags in der Remstalhalle im Oktober.<br \/>\nDer H.H.C. gr\u00fcndet die Klangstra\u00dfe, eine rhythmisch-musikalische Fr\u00fcherziehung f\u00fcr Kinder ab 3 Jahren, und erweitert somit das Ausbildungsangebot.<\/p>\n<p>2003<br \/>\n3.-5. Oktober Konzertreise des Jungen Ensembles nach Hannover zum 25-j\u00e4hrigen Jubil\u00e4um von Musiklehrerin B\u00e4rbel Bondesen und ihrem Jugendfl\u00f6tenchor, den man bei Jugendfreizeiten in Einbeck in den Jahren 2000 und 2002 kennen lernte. Bei einem erfolgreichen Auftritt in der Kreuzkirche begeistert das Ensemble des H.H.C. das Publikum.<br \/>\nAm 9. September spielt der H.H.C. live bei einer einst\u00fcndigen Rundfunksendung aus der Hohberghalle Weitmars. Danach werden noch einige St\u00fccke aufgezeichnet, die in einer Radiosendung am 9. Oktober gesendet werden.<br \/>\nIm Herbst findet ein Vereinsausflug ins Allg\u00e4u statt.<\/p>\n<p>2004<br \/>\nDer Verein erg\u00e4nzt sein Ausbildungsangebot mit einer Fl\u00f6tengruppe.<br \/>\nGemeinsames Wochenende der Vereinsjugend am Altm\u00fchlsee im Juni.<br \/>\nAm 19. September spielt der Bajan-Virtuose Sergej Batt, der seit Februar Dirigent und Ausbilder beim H.H.C. ist, ein Solokonzert im Dorfhaus Waldhausen. Er begeistert dabei das Publikum mit einem besonderen Klangerlebnis und brilliert mit erstaunlicher Fingerfertigkeit.<\/p>\n<p>2005<br \/>\nErstmals findet das Kinder- und Jugendkonzert KiK &#8211; Kids in Konzert statt, bei dem durch Auftritte der Akkordeonsch\u00fcler, der Klangstra\u00dfe und der Fl\u00f6tengruppe die erfolgreiche Nachwuchsarbeit des Vereins der letzten Jahre pr\u00e4sentiert wird.<br \/>\nDie Vereinsjugend verbringt ein ereignisvolles Wochenende am Bodensee.<br \/>\nNach den erfolgreichen Unterhaltungsabenden der letzten Jahre (Reise um die Welt, gestatten Operette, Schwabenabend, Hits und Oldies, Hereinspaziert) begeistert der H.H.C. in diesem Jahr sein Publikum mit einem abwechslungsreichen Programm unter dem Motto &#8222;Eviva Espana&#8220;. Dabei wirkt auch ein gemeinsames Konzertorchester, bestehend aus dem H.H.C. und den Harmonikafreunden Urbach, mit.<\/p>\n<p>J\u00fcngere Ereignisse sind ausf\u00fchrlich im <a href=\"https:\/\/hhc-waldhausen.de\/?page_id=488\">Archiv<\/a> abgelegt!<\/p>\n<p>&nbsp;<\/p>\n","protected":false},"excerpt":{"rendered":"<p>Die Vorsitzenden 1956 &#8211; 1958\u00a0\u00a0 Willi Dreiwurst 1958 &#8211; 1980\u00a0\u00a0 G\u00fcnter Matuschek 1980 &#8211; 1999\u00a0\u00a0 Heinz Steiner 1999 &#8211; 2001\u00a0\u00a0 Volker Lendle 2001 &#8211; 2005\u00a0\u00a0 Werner Ulmer seit 2005\u00a0\u00a0 Heiko &#8230;<\/p>\n","protected":false},"author":1,"featured_media":0,"parent":0,"menu_order":0,"comment_status":"closed","ping_status":"open","template":"","meta":{"two_page_speed":[],"footnotes":""},"class_list":["post-967","page","type-page","status-publish","hentry"],"jetpack_sharing_enabled":true,"_links":{"self":[{"href":"https:\/\/hhc-waldhausen.de\/index.php?rest_route=\/wp\/v2\/pages\/967","targetHints":{"allow":["GET"]}}],"collection":[{"href":"https:\/\/hhc-waldhausen.de\/index.php?rest_route=\/wp\/v2\/pages"}],"about":[{"href":"https:\/\/hhc-waldhausen.de\/index.php?rest_route=\/wp\/v2\/types\/page"}],"author":[{"embeddable":true,"href":"https:\/\/hhc-waldhausen.de\/index.php?rest_route=\/wp\/v2\/users\/1"}],"replies":[{"embeddable":true,"href":"https:\/\/hhc-waldhausen.de\/index.php?rest_route=%2Fwp%2Fv2%2Fcomments&post=967"}],"version-history":[{"count":6,"href":"https:\/\/hhc-waldhausen.de\/index.php?rest_route=\/wp\/v2\/pages\/967\/revisions"}],"predecessor-version":[{"id":4491,"href":"https:\/\/hhc-waldhausen.de\/index.php?rest_route=\/wp\/v2\/pages\/967\/revisions\/4491"}],"wp:attachment":[{"href":"https:\/\/hhc-waldhausen.de\/index.php?rest_route=%2Fwp%2Fv2%2Fmedia&parent=967"}],"curies":[{"name":"wp","href":"https:\/\/api.w.org\/{rel}","templated":true}]}}