{"id":346,"date":"2017-01-25T15:33:11","date_gmt":"2017-01-25T14:33:11","guid":{"rendered":"http:\/\/hhc-waldhausen.de\/?page_id=346"},"modified":"2024-07-13T09:58:13","modified_gmt":"2024-07-13T07:58:13","slug":"klangstrasse-h-h-c","status":"publish","type":"page","link":"https:\/\/hhc-waldhausen.de\/?page_id=346","title":{"rendered":"Klangstra\u00dfe H.H.C."},"content":{"rendered":"<div>\n<h4><strong>Klangstra\u00dfe H.H.C.<br \/>\n<\/strong>Rhythmisch-musikalische Fr\u00fcherziehung<strong><br \/>\n<\/strong><\/h4>\n<div>\n<div>\n\n<\/div>\n<p>Die Klangstra\u00dfe ist ein Unterrichtsangebot des H.H.C. Waldhausen f\u00fcr Kinder im Alter von 3-6 Jahren. Sie ist eine optimale Vorbereitung f\u00fcr einen sp\u00e4teren Instrumentalunterricht.<br \/>\nDie Klangstra\u00dfe findet einmal w\u00f6chentlich in \u00fcberschaubaren Gruppen im Dorfhaus Waldhausen statt.<\/p>\n<p><strong>Warum rhythmisch-musikalische Fr\u00fcherziehung schon im Vorschulalter?<\/strong><br \/>\nMusikalische Fr\u00fcherziehung ist ein Gruppenunterricht mit breit gef\u00e4cherten musikalischen und musikbezogenen Inhalten. Vorschulkinder lernen vorwiegend im Spiel und in der Bewegung.<br \/>\nRhythmisch-musikalische Fr\u00fcherziehung greift diese kindgem\u00e4\u00dfen Verhaltensweisen auf und integriert sie in die verschiedenen Themen. So entstehen fr\u00f6hliche, lebendige Stunden, in denen das Kind zum einen die Besch\u00e4ftigung mit Musik als Bereich seines Lebens erf\u00e4hrt und zum anderen damit anf\u00e4ngt, sich musikalisches &#8222;Handwerkszeug&#8220; anzueignen. Vor Beginn der Schulzeit sind Kinder besonders offen und aufnahmef\u00e4hig f\u00fcr Musik. Alle Aktivit\u00e4ten gehen vom Erleben und Denken des Kindes aus. Spiel und Geselligkeit sind dabei ebenso wichtig wie Konzentration und ernsthaftes Gestalten.<\/p>\n<p><strong>Welche allgemeinen F\u00e4higkeiten unterst\u00fctzt die rhythmisch-musikalische Fr\u00fcherziehung?<\/strong><br \/>\nFolgende Verhaltensweisen sind f\u00fcr alle Lebensbereiche (z.B. Familie, Freundschaft, Schule, Beruf) bedeutsam. Sie werden im Unterricht immer wieder erprobt.<br \/>\n&#8211; mit allen Sinnen wahrnehmen<br \/>\n&#8211; sich zu konzentrieren<br \/>\n&#8211; sich in und mit der Gruppe darstellen<br \/>\n&#8211; aus sich herausgehen<br \/>\n&#8211; sich ausdr\u00fccken<br \/>\n&#8211; sich einordnen, abwarten, zuh\u00f6ren, R\u00fccksicht nehmen<br \/>\n&#8211; f\u00fchren und folgen<br \/>\n&#8211; nachahmen<br \/>\n&#8211; Ideen entwickeln<br \/>\nDie allm\u00e4hliche Ausweitung dieser F\u00e4higkeiten wirkt sich positiv auf die Entwicklung des Kindes aus.<\/p>\n<p><strong>Lernziele<\/strong><br \/>\n&#8211; Spielerisches Wecken der musikalischen Beziehung der Kinder zur Musik<br \/>\n&#8211; Kindgerechte F\u00f6rderung von musikalischen F\u00e4higkeiten und Grundbegabungen (Geh\u00f6rschulung, Entwicklung der Grob- und Feinmotorik, Bewegungskoordination, Stimmbildung)<br \/>\n&#8211; Schaffung von p\u00e4dagogischen Grundlagen f\u00fcr ein sp\u00e4teres Instrumentalspiel<br \/>\n&#8211; Entwicklung und F\u00f6rderung eines gesunden Sozialverhaltens<br \/>\n&#8211; Spa\u00df und Freude an der Musik, am Musizieren und Tanzen<\/p>\n<p><strong>Unterrichtsinhalte<\/strong><br \/>\nDer Schwerpunkt des Kurses liegt in der Rhythmik und Bewegung. Die Kinder machen rhythmisch-musikalische Erfahrungen und erfassen dabei Tempo, Dynamik, Struktur und Charakter der Musik.<br \/>\nDie Kursinhalte sind:<br \/>\n&#8211; traditionelle und neue Lieder z.B. mit Klatschen, Patschen und auf Instrumenten begleiten<br \/>\n&#8211; sich zu Musik bewegen und tanzen<br \/>\n&#8211; elementare Kenntnisse der Musiklehre erwerben<br \/>\n&#8211; Instrumentenkunde<br \/>\n&#8211; Instrumente selbst herstellen<\/p>\n<p><strong>Weitere Informationen und Anmeldung<br \/>\n<\/strong><span class=\"OYPEnA text-decoration-none text-strikethrough-none\">H.H.C. Waldhausen e.V.<br \/>\n<\/span><span class=\"OYPEnA text-decoration-none text-strikethrough-none\">Tatjana Schwanitz<br \/>\n<\/span><span class=\"OYPEnA text-decoration-none text-strikethrough-none\">Tel. 07172\/9112514<br \/>\n<\/span><span class=\"OYPEnA text-decoration-none text-strikethrough-none\">E-Mail: <a href=\"mailto:mff@hhc-waldhausen.de\">mff@hhc-waldhausen.de<\/a><\/span><\/p>\n<\/div>\n<\/div>\n","protected":false},"excerpt":{"rendered":"<p>Klangstra\u00dfe H.H.C. Rhythmisch-musikalische Fr\u00fcherziehung Die Klangstra\u00dfe ist ein Unterrichtsangebot des H.H.C. Waldhausen f\u00fcr Kinder im Alter von 3-6 Jahren. Sie ist eine optimale Vorbereitung f\u00fcr einen sp\u00e4teren Instrumentalunterricht. Die Klangstra\u00dfe &#8230;<\/p>\n","protected":false},"author":1,"featured_media":0,"parent":0,"menu_order":0,"comment_status":"closed","ping_status":"closed","template":"","meta":{"two_page_speed":[],"footnotes":""},"class_list":["post-346","page","type-page","status-publish","hentry"],"jetpack_sharing_enabled":true,"_links":{"self":[{"href":"https:\/\/hhc-waldhausen.de\/index.php?rest_route=\/wp\/v2\/pages\/346","targetHints":{"allow":["GET"]}}],"collection":[{"href":"https:\/\/hhc-waldhausen.de\/index.php?rest_route=\/wp\/v2\/pages"}],"about":[{"href":"https:\/\/hhc-waldhausen.de\/index.php?rest_route=\/wp\/v2\/types\/page"}],"author":[{"embeddable":true,"href":"https:\/\/hhc-waldhausen.de\/index.php?rest_route=\/wp\/v2\/users\/1"}],"replies":[{"embeddable":true,"href":"https:\/\/hhc-waldhausen.de\/index.php?rest_route=%2Fwp%2Fv2%2Fcomments&post=346"}],"version-history":[{"count":6,"href":"https:\/\/hhc-waldhausen.de\/index.php?rest_route=\/wp\/v2\/pages\/346\/revisions"}],"predecessor-version":[{"id":4137,"href":"https:\/\/hhc-waldhausen.de\/index.php?rest_route=\/wp\/v2\/pages\/346\/revisions\/4137"}],"wp:attachment":[{"href":"https:\/\/hhc-waldhausen.de\/index.php?rest_route=%2Fwp%2Fv2%2Fmedia&parent=346"}],"curies":[{"name":"wp","href":"https:\/\/api.w.org\/{rel}","templated":true}]}}