{"id":318,"date":"2017-01-25T14:27:55","date_gmt":"2017-01-25T13:27:55","guid":{"rendered":"http:\/\/hhc-waldhausen.de\/?page_id=318"},"modified":"2023-06-22T18:09:14","modified_gmt":"2023-06-22T16:09:14","slug":"melodica","status":"publish","type":"page","link":"https:\/\/hhc-waldhausen.de\/?page_id=318","title":{"rendered":"Melodica"},"content":{"rendered":"<div>\n<h4><strong>Ausbildung Melodica<\/strong><\/h4>\n<div>\n<div>\n<div>\n\n<\/div>\n<\/div>\n<p>F\u00fcr Kinder ab 5 Jahren.<\/p>\n<p>Musikalisches Grundwissen wird spielerisch und p\u00e4dagogisch kindgerecht vermittelt. Wir wollen die Liebe zur Musik entwickeln.<br \/>\nDas Instrument Melodica f\u00f6rdert die soziale Entwicklung des Kindes, da selbst beim Einzelunterricht immer wieder auch in Gruppen gespielt wird. Vor allem wollen wir aber Spa\u00df haben!<br \/>\nLiebe Kinder, lasst Euch mit \u201eTasti und Basti\u201c in die aufregende Welt der Noten entf\u00fchren!<\/p>\n<p>Die Melodica ist ein Harmonikainstrument, das sich wegen seiner einfachen Spieltechnik vor allem f\u00fcr Kinder eignet. Bei einer Melodica wird der Luftstrom nur in einer Richtung hindurchgef\u00fchrt, und zwar durch Hineinblasen in das Instrument mit Atemluft \u00fcber das Mundst\u00fcck oder \u00fcber einen, statt des Mundst\u00fccks angesetzten Luftschlauch. Durch Druck auf die Taste wird ein Ventil zur Ton-Kanzelle ge\u00f6ffnet. Der Luftstrom regt die dort sitzende Stimmzunge zum Schwingen an und der jeweilige Ton wird erzeugt.<br \/>\nDie Tasten sind wie bei den meisten Tasteninstrumenten als eine Klaviatur mit wei\u00dfen und schwarzen Tasten ausgef\u00fchrt.<\/p>\n<p>Wir bieten eine fundierte Ausbildung durch eine qualifizierte Lehrkraft zu fairen Geb\u00fchren.<br \/>\nF\u00fcr Kinder ab 5 Jahren. Der Unterricht findet als Einzel- oder Gruppenunterricht w\u00f6chentlich statt.<\/p>\n<p>Ein breites Freizeitprogramm erg\u00e4nzt dieses Angebot und bietet den Kindern die M\u00f6glichkeit, einen Freundeskreis zu erschlie\u00dfen und gemeinsam mit Gleichaltrigen die Freizeit zu gestalten. Dies spielt in der Entwicklung der Kinder und ihrer Sozialkompetenz gerade in der heutigen Zeit eine wichtige Rolle.<\/p>\n<p><strong>Weitere Informationen und Anmeldung<\/strong><br \/>\nWeitere Informationen und Anmeldung bei Heiko Cammerer, Tel. 0171\/7566327 oder <a href=\"mailto:heiko.cammerer@hhc-waldhausen.de\">eMail<\/a>.<br \/>\nDort erhalten Sie auch das Informationsblatt mit den aktuellen Unterrichtsbedingungen und -geb\u00fchren.<\/p>\n<\/div>\n<\/div>\n","protected":false},"excerpt":{"rendered":"<p>Ausbildung Melodica F\u00fcr Kinder ab 5 Jahren. Musikalisches Grundwissen wird spielerisch und p\u00e4dagogisch kindgerecht vermittelt. Wir wollen die Liebe zur Musik entwickeln. Das Instrument Melodica f\u00f6rdert die soziale Entwicklung des &#8230;<\/p>\n","protected":false},"author":1,"featured_media":0,"parent":0,"menu_order":0,"comment_status":"closed","ping_status":"closed","template":"","meta":{"two_page_speed":[],"footnotes":""},"class_list":["post-318","page","type-page","status-publish","hentry"],"jetpack_sharing_enabled":true,"_links":{"self":[{"href":"https:\/\/hhc-waldhausen.de\/index.php?rest_route=\/wp\/v2\/pages\/318","targetHints":{"allow":["GET"]}}],"collection":[{"href":"https:\/\/hhc-waldhausen.de\/index.php?rest_route=\/wp\/v2\/pages"}],"about":[{"href":"https:\/\/hhc-waldhausen.de\/index.php?rest_route=\/wp\/v2\/types\/page"}],"author":[{"embeddable":true,"href":"https:\/\/hhc-waldhausen.de\/index.php?rest_route=\/wp\/v2\/users\/1"}],"replies":[{"embeddable":true,"href":"https:\/\/hhc-waldhausen.de\/index.php?rest_route=%2Fwp%2Fv2%2Fcomments&post=318"}],"version-history":[{"count":6,"href":"https:\/\/hhc-waldhausen.de\/index.php?rest_route=\/wp\/v2\/pages\/318\/revisions"}],"predecessor-version":[{"id":3710,"href":"https:\/\/hhc-waldhausen.de\/index.php?rest_route=\/wp\/v2\/pages\/318\/revisions\/3710"}],"wp:attachment":[{"href":"https:\/\/hhc-waldhausen.de\/index.php?rest_route=%2Fwp%2Fv2%2Fmedia&parent=318"}],"curies":[{"name":"wp","href":"https:\/\/api.w.org\/{rel}","templated":true}]}}