{"id":250,"date":"2017-01-19T14:57:54","date_gmt":"2017-01-19T13:57:54","guid":{"rendered":"http:\/\/hhc-waldhausen.de\/?page_id=250"},"modified":"2023-12-08T13:27:40","modified_gmt":"2023-12-08T12:27:40","slug":"jugend-ensemble","status":"publish","type":"page","link":"https:\/\/hhc-waldhausen.de\/?page_id=250","title":{"rendered":"Ensemble harmonic vibes"},"content":{"rendered":"<div>\n<h4><strong>ENSEMBLE harmonic vibes<br \/>\n<\/strong><\/h4>\n<p>&nbsp;<\/p>\n<\/div>\n<p><strong><br \/>\nLeitung:\u00a0<\/strong>\u00a0 Timo Majer<br \/>\n<strong>Probentag:<\/strong> \u00a0 nach Absprache<br \/>\n<strong>Kontakt:<\/strong> \u00a0 Heiko Cammerer, Tel. 0171\/7566327, email: <a href=\"mailto:heiko.cammerer@hhc-waldhausen.de\">heiko.cammerer@hhc-waldhausen.de<\/a><\/p>\n<p>Das Ensemble harmonic vibes des H.H.C. Waldhausen besteht aus Spielerinnen und Spielern im Alter von 17 bis 25 Jahren.<br \/>\nNeben dem Akkordeon bereichern die Instrumente E-Piano und Schlagzeug das Klangbild. Aus dem ehemaligen Sch\u00fcler-\/Jugendorchester heraus wurde dieses ambitionierte Ensemble gegr\u00fcndet. Neue Mitspieler und Wiedereinsteiger sind herzlich willkommen.<\/p>\n<p>Vita (Text: Timo Majer):<br \/>\nDas Ensemble harmonic vibes des H.H.C. Waldhausen besteht aus acht hochmotivierten Jugendlichen und jungen Erwachsenen, die seit Sommer 2016 in dieser Besetzung zusammen musizieren. Die harmonische Synergie von Akkordeon, Piano und Schlagzeug erm\u00f6glicht ein besonderes Klangerlebnis, welches sich \u00fcber ein prim\u00e4r an Unterhaltungsmusik ausgerichtetes, aber dennoch vielseitiges Repertoire erstreckt. Das Ensemble entstand aus einer Umstrukturierung des musikalischen Jugendangebots des Vereins, hat sich jedoch weit von jeglichem Zweckcharakter gel\u00f6st. Musikalische Leitung: Timo Majer<\/p>\n<p>Harmonic vibes, \u00fcbersetzt harmonische Schwingungen, greift unter anderem die Hauptfunktionsweise des Akkordeons auf. Schlie\u00dflich ist es die Schwingung, die den Ton erzeugt. Die Harmonie dagegen spielt nicht nur in der Musik eine besondere Rolle, auch die Harmonie unter den Ensemblespielern beeinflusst ma\u00dfgeblich das Klangerlebnis. Gleichzeitig kann harmonic vibes mit harmonischer bzw. wohltuender Stimmung sinngem\u00e4\u00df \u00fcbersetzt werden. Genau das ist es, was die harmonic vibes ihren Zuh\u00f6rern bieten.<\/p>\n\n","protected":false},"excerpt":{"rendered":"<p>ENSEMBLE harmonic vibes &nbsp; Leitung:\u00a0\u00a0 Timo Majer Probentag: \u00a0 nach Absprache Kontakt: \u00a0 Heiko Cammerer, Tel. 0171\/7566327, email: heiko.cammerer@hhc-waldhausen.de Das Ensemble harmonic vibes des H.H.C. Waldhausen besteht aus Spielerinnen und &#8230;<\/p>\n","protected":false},"author":1,"featured_media":0,"parent":0,"menu_order":0,"comment_status":"closed","ping_status":"closed","template":"","meta":{"two_page_speed":[],"footnotes":""},"class_list":["post-250","page","type-page","status-publish","hentry"],"jetpack_sharing_enabled":true,"_links":{"self":[{"href":"https:\/\/hhc-waldhausen.de\/index.php?rest_route=\/wp\/v2\/pages\/250","targetHints":{"allow":["GET"]}}],"collection":[{"href":"https:\/\/hhc-waldhausen.de\/index.php?rest_route=\/wp\/v2\/pages"}],"about":[{"href":"https:\/\/hhc-waldhausen.de\/index.php?rest_route=\/wp\/v2\/types\/page"}],"author":[{"embeddable":true,"href":"https:\/\/hhc-waldhausen.de\/index.php?rest_route=\/wp\/v2\/users\/1"}],"replies":[{"embeddable":true,"href":"https:\/\/hhc-waldhausen.de\/index.php?rest_route=%2Fwp%2Fv2%2Fcomments&post=250"}],"version-history":[{"count":11,"href":"https:\/\/hhc-waldhausen.de\/index.php?rest_route=\/wp\/v2\/pages\/250\/revisions"}],"predecessor-version":[{"id":3911,"href":"https:\/\/hhc-waldhausen.de\/index.php?rest_route=\/wp\/v2\/pages\/250\/revisions\/3911"}],"wp:attachment":[{"href":"https:\/\/hhc-waldhausen.de\/index.php?rest_route=%2Fwp%2Fv2%2Fmedia&parent=250"}],"curies":[{"name":"wp","href":"https:\/\/api.w.org\/{rel}","templated":true}]}}